{"id":2766,"date":"2023-09-13T17:59:21","date_gmt":"2023-09-13T20:59:21","guid":{"rendered":"https:\/\/proarq.ufpr.br\/?page_id=2766"},"modified":"2023-09-14T16:32:37","modified_gmt":"2023-09-14T19:32:37","slug":"lathau_ufpr","status":"publish","type":"page","link":"https:\/\/proarq.ufpr.br\/index.php\/lathau_ufpr\/","title":{"rendered":"LaTHAU\uff5cLaborat\u00f3rio de Teoria e Hist\u00f3ria de Arquitetura e Urbanismo da UFPR"},"content":{"rendered":"<p><a href=\"https:\/\/proarq.ufpr.br\/wp-content\/uploads\/2023\/09\/logo-LaTHAU.jpeg\"><img loading=\"lazy\" decoding=\"async\" class=\"aligncenter size-medium wp-image-2772\" src=\"https:\/\/proarq.ufpr.br\/wp-content\/uploads\/2023\/09\/logo-LaTHAU-300x93.jpeg\" alt=\"logo LaTHAU\" width=\"300\" height=\"93\" srcset=\"https:\/\/proarq.ufpr.br\/wp-content\/uploads\/2023\/09\/logo-LaTHAU-300x93.jpeg 300w, https:\/\/proarq.ufpr.br\/wp-content\/uploads\/2023\/09\/logo-LaTHAU-768x239.jpeg 768w, https:\/\/proarq.ufpr.br\/wp-content\/uploads\/2023\/09\/logo-LaTHAU.jpeg 893w\" sizes=\"(max-width: 300px) 100vw, 300px\" \/><\/a><\/p>\n<p>O Laborat\u00f3rio de Teoria e Hist\u00f3ria da Arquitetura e Urbanismo (<strong>LaTHAU<\/strong>) tem por finalidade dar suporte \u00e0 pesquisa, ao ensino e ao desenvolvimento de atividades de extens\u00e3o e de presta\u00e7\u00e3o de servi\u00e7os \u00e0 comunidade, conforme os grupos de pesquisa vinculados ao Departamento de Arquitetura e Urbanismo e outros que vierem a ser criados dentro de tem\u00e1ticas referentes \u00e0 teoria e hist\u00f3ria da arte, arquitetura e cidade; estudo, projeto, planifica\u00e7\u00e3o e preserva\u00e7\u00e3o do patrim\u00f4nio cultural, art\u00edstico, arquitet\u00f4nico, paisag\u00edstico e urban\u00edstico; pesquisa e invent\u00e1rio de t\u00e9cnicas retrospectivas: materiais, tecnologias e m\u00e9todos construtivos tradicionais.<\/p>\n<p>As atividades de ensino, pesquisa e extens\u00e3o s\u00e3o desenvolvidas de acordo com as diretrizes e normas da UFPR, buscando:<\/p>\n<ul>\n<li>Formar um referencial te\u00f3rico, acad\u00eamico e interdisciplinar em rela\u00e7\u00e3o \u00e0s \u00e1reas de estudo afins, para o p\u00fablico interno e externo;<\/li>\n<li>Estimular a capacita\u00e7\u00e3o e aprimoramento de recursos humanos nos n\u00edveis de gradua\u00e7\u00e3o e p\u00f3s-gradua\u00e7\u00e3o;<\/li>\n<li>Propor e realizar cursos de extens\u00e3o e p\u00f3s-gradua\u00e7\u00e3o &#8220;lato&#8221; e &#8220;stricto sensu&#8221; nas \u00e1reas de conhecimento especificadas acima, de forma interdisciplinar;<\/li>\n<li>Prestar servi\u00e7os e dar orienta\u00e7\u00e3o t\u00e9cnica a entidades p\u00fablicas, privadas e comunit\u00e1rias na forma de consultoria ou similar;<\/li>\n<li>Desenvolver projetos de ensino, pesquisa e extens\u00e3o de car\u00e1ter experimental;<\/li>\n<li>Organizar eventos como semin\u00e1rios, confer\u00eancias, simp\u00f3sios e congressos ou similares em suas \u00e1reas de conhecimento;<\/li>\n<li>Propor e executar acordos e conv\u00eanios com outros laborat\u00f3rios e Departamentos da UFPR, quando de interesse acad\u00eamico, t\u00e9cnico e cient\u00edfico; e<\/li>\n<li>Propor e executar acordos e conv\u00eanios com entidades p\u00fablicas, privadas e comunit\u00e1rias, nacionais e internacionais, de comum acordo com o Departamento de Arquitetura e Urbanismo e dentro de seu campo de conhecimento.<\/li>\n<\/ul>\n","protected":false},"excerpt":{"rendered":"<p>O Laborat\u00f3rio de Teoria e Hist\u00f3ria da Arquitetura e Urbanismo (LaTHAU) tem por finalidade dar suporte \u00e0 pesquisa, ao ensino e ao desenvolvimento de atividades de extens\u00e3o e de presta\u00e7\u00e3o de servi\u00e7os \u00e0 comunidade, conforme os grupos de pesquisa vinculados ao Departamento de Arquitetura e Urbanismo e outros que vierem&hellip; <\/p>\n","protected":false},"author":2,"featured_media":2772,"parent":0,"menu_order":0,"comment_status":"closed","ping_status":"closed","template":"","meta":{"_acf_changed":false,"footnotes":""},"class_list":["post-2766","page","type-page","status-publish","has-post-thumbnail","hentry"],"acf":[],"_links":{"self":[{"href":"https:\/\/proarq.ufpr.br\/index.php\/wp-json\/wp\/v2\/pages\/2766"}],"collection":[{"href":"https:\/\/proarq.ufpr.br\/index.php\/wp-json\/wp\/v2\/pages"}],"about":[{"href":"https:\/\/proarq.ufpr.br\/index.php\/wp-json\/wp\/v2\/types\/page"}],"author":[{"embeddable":true,"href":"https:\/\/proarq.ufpr.br\/index.php\/wp-json\/wp\/v2\/users\/2"}],"replies":[{"embeddable":true,"href":"https:\/\/proarq.ufpr.br\/index.php\/wp-json\/wp\/v2\/comments?post=2766"}],"version-history":[{"count":3,"href":"https:\/\/proarq.ufpr.br\/index.php\/wp-json\/wp\/v2\/pages\/2766\/revisions"}],"predecessor-version":[{"id":2775,"href":"https:\/\/proarq.ufpr.br\/index.php\/wp-json\/wp\/v2\/pages\/2766\/revisions\/2775"}],"wp:featuredmedia":[{"embeddable":true,"href":"https:\/\/proarq.ufpr.br\/index.php\/wp-json\/wp\/v2\/media\/2772"}],"wp:attachment":[{"href":"https:\/\/proarq.ufpr.br\/index.php\/wp-json\/wp\/v2\/media?parent=2766"}],"curies":[{"name":"wp","href":"https:\/\/api.w.org\/{rel}","templated":true}]}}

LaTHAU｜Laboratório de Teoria e História de Arquitetura e Urbanismo da UFPR

<p><a href="https://proarq.ufpr.br/wp-content/uploads/2023/09/logo-LaTHAU.jpeg"><img loading="lazy" decoding="async" class="aligncenter size-medium wp-image-2772" src="https://proarq.ufpr.br/wp-content/uploads/2023/09/logo-LaTHAU-300x93.jpeg" alt="logo LaTHAU" width="300" height="93" srcset="https://proarq.ufpr.br/wp-content/uploads/2023/09/logo-LaTHAU-300x93.jpeg 300w, https://proarq.ufpr.br/wp-content/uploads/2023/09/logo-LaTHAU-768x239.jpeg 768w, https://proarq.ufpr.br/wp-content/uploads/2023/09/logo-LaTHAU.jpeg 893w" sizes="(max-width: 300px) 100vw, 300px" /></a></p>
<p>O Laboratório de Teoria e História da Arquitetura e Urbanismo (<strong>LaTHAU</strong>) tem por finalidade dar suporte à pesquisa, ao ensino e ao desenvolvimento de atividades de extensão e de prestação de serviços à comunidade, conforme os grupos de pesquisa vinculados ao Departamento de Arquitetura e Urbanismo e outros que vierem a ser criados dentro de temáticas referentes à teoria e história da arte, arquitetura e cidade; estudo, projeto, planificação e preservação do patrimônio cultural, artístico, arquitetônico, paisagístico e urbanístico; pesquisa e inventário de técnicas retrospectivas: materiais, tecnologias e métodos construtivos tradicionais.</p>
<p>As atividades de ensino, pesquisa e extensão são desenvolvidas de acordo com as diretrizes e normas da UFPR, buscando:</p>
<ul>
<li>Formar um referencial teórico, acadêmico e interdisciplinar em relação às áreas de estudo afins, para o público interno e externo;</li>
<li>Estimular a capacitação e aprimoramento de recursos humanos nos níveis de graduação e pós-graduação;</li>
<li>Propor e realizar cursos de extensão e pós-graduação &#8220;lato&#8221; e &#8220;stricto sensu&#8221; nas áreas de conhecimento especificadas acima, de forma interdisciplinar;</li>
<li>Prestar serviços e dar orientação técnica a entidades públicas, privadas e comunitárias na forma de consultoria ou similar;</li>
<li>Desenvolver projetos de ensino, pesquisa e extensão de caráter experimental;</li>
<li>Organizar eventos como seminários, conferências, simpósios e congressos ou similares em suas áreas de conhecimento;</li>
<li>Propor e executar acordos e convênios com outros laboratórios e Departamentos da UFPR, quando de interesse acadêmico, técnico e científico; e</li>
<li>Propor e executar acordos e convênios com entidades públicas, privadas e comunitárias, nacionais e internacionais, de comum acordo com o Departamento de Arquitetura e Urbanismo e dentro de seu campo de conhecimento.</li>
</ul>

<p>O Laboratório de Teoria e História da Arquitetura e Urbanismo (LaTHAU) tem por finalidade dar suporte à pesquisa, ao ensino e ao desenvolvimento de atividades de extensão e de prestação de serviços à comunidade, conforme os grupos de pesquisa vinculados ao Departamento de Arquitetura e Urbanismo e outros que vierem&hellip; </p>
